he prime factors of w(2)?
3, 23
What are the prime factors of (-179)/(6 + -8 - -1)?
179
Suppose 0*u = 2*u - 94. Suppose 2*o = -3*h + u, 1 = h + 2*o - 8. List the prime factors of h.
19
Let m = -59 - -24. Suppose -14*q = -11*q + 36. Let v = q - m. What are the prime factors of v?
23
Suppose -f - 2*f + 6200 = 5*g, 0 = -4*g - 8. What are the prime factors of f?
2, 3, 5, 23
Let c(d) = 28*d**2 - 5*d + 3. Let h = -49 - -51. What are the prime factors of c(h)?
3, 5, 7
Suppose -11*u + 2888 = 4*r - 9*u, 0 = 2*r + 2*u - 1448. List the prime factors of r.
2, 3, 5
Let z = -2295 - -4279. What are the prime factors of (-2 - z/(-18)) + 16/(-72)?
2, 3
List the prime factors of (13060/28 + (-15)/35)/2.
233
Let x(t) = 260*t**2 + t + 1. Let k be x(-1). Suppose -5*d - k = -5*m, -4*m = -3*d + 2*d - 49. Let w = 80 + d. List the prime factors of w.
3
Let z(d) = 5*d**2 - 159*d + 20. What are the prime factors of z(37)?
2, 491
Let q(t) = -t**2 + 5*t + 5. Let z be q(5). Suppose -z*s = 75 - 225. What are the prime factors of s?
2, 3, 5
Let j(i) = -i + 10. Let a be j(7). Suppose -5*r - s - a*s + 230 = 0, 2*s - 184 = -4*r. What are the prime factors of r?
2, 23
Suppose -4*t = -2*t + 24. Let z be 9212/(-16) + 3/t. What are the prime factors of z/(-22) + 6/(-33)?
2, 13
List the prime factors of 1284/4 - 2/(-4)*4.
17, 19
Suppose 5*f + 3*i - i = -211, 41 = -f - i. Let h = f - -70. What are the prime factors of h?
3
Let z = -68 + 98. Suppose -7*x - 12 = z. Let k(n) = -12*n - 20. List the prime factors of k(x).
2, 13
Let l(t) = 5*t - 36. Let s = -15 + 39. List the prime factors of l(s).
2, 3, 7
Suppose 5*m + 4995 = 5*a, -4*a + 2*m = 7*m - 3978. List the prime factors of a.
997
Let f be (-31)/(-4) - 5/(-20). Let j = 2 - f. What are the prime factors of 228/9 - (-2)/j?
5
Let p be (11 - -5)*(-117)/(-6). Suppose 0 = -5*w + 2*w + p. Suppose 0*i - w = -4*i. List the prime factors of i.
2, 13
Let c be (-4)/4*(-15)/(-3). Let y be 1/((-11)/c - 2). Suppose y*a = 2*q + 94, -3*q + 48 = 3*a - 0*a. What are the prime factors of a?
2, 3
What are the prime factors of 20222/22 + (-86)/473?
919
Let o(r) = 17*r - 3*r**2 - 3*r**2 + 6*r**2 - 15 - r**2. Let s(m) = 5*m**2 + 3*m + 1. Let d be s(-2). What are the prime factors of o(d)?
3, 5
Let i(p) = 4*p**3 - 5*p**2 + 4*p - 6. Let y be ((-12)/(-16))/((-1)/(-4)). List the prime factors of i(y).
3, 23
Suppose -3*r + 42 = 6*q - 3*q, -3*r + 22 = -2*q. Let d be (2/(-3) + -1)/(145/(-522)). Let w = d + r. What are the prime factors of w?
2
Let c be -2*(36/(-8) - -2). Let j = c + 7. Suppose 0*x + x = j. List the prime factors of x.
2, 3
Let h(q) = 3838*q**3 + q**2 - q + 3. List the prime factors of h(1).
23, 167
Suppose 4*c - 7*c = -15. Suppose c*t - k - 511 = -3*k, k = -2. What are the prime factors of t?
103
Let n = 7643 + -4777. What are the prime factors of n?
2, 1433
Let j = 41 - 38. What are the prime factors of ((j + -2)/3)/((-1)/(-267))?
89
Suppose 0 = -5*h + 172 - 47. Let r = h - 21. List the prime factors of r.
2
Let i(r) = r**2 + r + 1. Let l(g) = -100*g**2 + 2*g + 2. Let y(f) = 3*i(f) - l(f). Let j be y(-1). Suppose 5 = 3*m - j. List the prime factors of m.
2, 3
Let c(m) = m - 7. Let h be c(3). Let t(n) = -n**3 - 3*n**2 + 4*n + 6. Let p be t(h). Suppose 0 = 8*f - p*f - 30. List the prime factors of f.
3, 5
Let s(m) = m**2 - 18*m + 19*m + 14*m**3 - 2*m**2. Let p = 21 + -20. What are the prime factors of s(p)?
2, 7
Suppose 0 = -2*j + 5*z + 63 - 0, -z + 137 = 3*j. Suppose j = -2*x + 4*x. List the prime factors of -12 + 16 + x/1.
2, 13
Let o(b) = 57*b**2 - 3*b + 1. Suppose -4*x - 3*n + 9 + 10 = 0, -3*n + 17 = 2*x. What are the prime factors of o(x)?
5, 11
Let s(d) = -2*d + 1. Let u(k) = -9*k**2 + 8*k - 11. Let o(b) = -6*s(b) - u(b). List the prime factors of o(-4).
7, 19
Suppose 2*c - 1773 = 3*k - 0*k, 2*c + 8*k - 1828 = 0. List the prime factors of c.
2, 3, 149
Let w be 2/(-4) + 65/2. Let b = -45 - -49. Suppose -2*x = -z - 0*z - 16, 0 = 4*x - b*z - w. What are the prime factors of x?
2
Let t = -157 + 341. List the prime factors of t.
2, 23
Let b = 1552 + -73. List the prime factors of b.
3, 17, 29
Let z be 4/(1 - 1/3). Let o = z - -8. Let p = o - -4. List the prime factors of p.
2, 3
Let z be (3/6*-4)/(-2). Suppose -4*r + z = 5. List the prime factors of 48/10 - r/5.
5
Let a(i) = i + 27. Let l(x) = x**3 + x**2 - 2*x. Suppose 3*b = 8*b + 15, 2*r - 9 = 3*b. Let f be l(r). What are the prime factors of a(f)?
3
Suppose 30*y - 17059 - 77561 = 0. List the prime factors of y.
2, 19, 83
Suppose -j = 4 - 2, -7 = 3*u - 4*j. Let p = u - -46. List the prime factors of p.
41
Let j = 1358 - -448. What are the prime factors of j?
2, 3, 7, 43
Let w(i) = -6*i**2 + 3*i**3 - 4*i**3 - 10*i - 140 + 136. What are the prime factors of w(-5)?
3, 7
Let y be -19 - 2 - (0 + 3). Let t be -2*(-4)/y*-9. Suppose -t*b + b = -26. List the prime factors of b.
13
Suppose -10*o - 17 = 853. Let h = 51 - o. List the prime factors of h.
2, 3, 23
Let y = -10 - -10. Suppose y*i + 15 = 5*i. What are the prime factors of (-1)/(i/(-12)) - 0?
2
Let h be -7 - (-75 - (-1 + 7)). Let u be (-27)/(-2)*(-1 - 1). Let z = h + u. What are the prime factors of z?
47
Let u = 8854 + -5332. List the prime factors of u.
2, 3, 587
Let a(d) = -d**3 + 14*d**2 - 8*d - 4. List the prime factors of a(12).
2, 47
Let n be ((-45)/(-20))/(3878/1936 + -2). List the prime factors of -1*3/(-12) + n/8.
7, 13
Let f(b) = -b + 8. Let n be f(8). Suppose n = -4*q + 27 + 17. Suppose 3*x = q - 2. List the prime factors of x.
3
Let g = -10 - -22. Let s be ((-3)/6)/((-3)/g). Suppose 43 = s*z - 23. List the prime factors of z.
3, 11
Suppose -151 = -8*t + 3369. List the prime factors of t.
2, 5, 11
What are the prime factors of (-6 + 1)/((-105)/77280)?
2, 5, 23
Suppose 11 = 2*p - 9. Let j = p + -10. List the prime factors of (2 + 1)*(j + 6).
2, 3
Suppose 23*g - 17672 = -652. List the prime factors of g.
2, 5, 37
Let k(t) = -343*t - 126. List the prime factors of k(-5).
7, 227
Let d(x) = -6*x + 25. Let g be d(5). What are the prime factors of (-458)/g + ((-144)/30)/8?
7, 13
Suppose 22 = -3*j - 194. Let b = j + 123. What are the prime factors of b?
3, 17
Suppose 5199 = 12*u - 5721. What are the prime factors of u?
2, 5, 7, 13
Let q = 11 - -13. Suppose -2*w + 12 = 2*w. Suppose 3*k + 3 + 13 = -5*f, -w*f - q = -3*k. What are the prime factors of k?
3
Suppose -5*g - 3*m - 32 = 0, 0 = 2*g + m + 8 + 5. Let n = g + 9. Suppose -44 = -n*c - 3*v, -c - v = -5*c + 102. What are the prime factors of c?
5
Let i(p) = -133*p + 742. What are the prime factors of i(-41)?
3, 5, 7, 59
Let u(l) = 30*l + 4. Let v = -85 + 87. What are the prime factors of u(v)?
2
Let a = 839 + 270. What are the prime factors of a?
1109
Let c(j) = 17*j**3 + j**2 - 12*j. Let l(r) = -33*r**3 - 2*r**2 + 22*r. Let s(v) = 11*c(v) + 6*l(v). Suppose -n = -6*n - 5. What are the prime factors of s(n)?
2, 5
Let j(f) = -f**2 - 4*f - 3. Let k be j(-3). Suppose k = -2*x - x + 4*r + 190, 0 = -4*r - 4. What are the prime factors of x?
2, 31
Let g be 43/3 + 12/(-36). Let z be g/(-21) + (-28)/(-6). Suppose z*y + 10 = 46. What are the prime factors of y?
3
Let d be (-5)/(-20)*12/3. List the prime factors of d/(-5) + (-1617)/(-35).
2, 23
Let n = 477 + 2786. List the prime factors of n.
13, 251
Suppose -2 = -4*b + 6. Suppose 4*o = -5*t + 295, 4*t - b*t = -4*o + 286. What are the prime factors of o?
2, 5, 7
Let j = 293 - -875. List the prime factors of j.
2, 73
Suppose 48 = 2*n - 276. Suppose 19*d - 21*d = -n. Suppose 6*f - d = 81. What are the prime factors of f?
3
Let d(u) = 7*u**3 + 3*u**2 - 15*u + 10. Let c(j) = 10*j**3 + 5*j**2 - 22*j + 15. Let v(p) = 5*c(p) - 7*d(p). List the prime factors of v(-4).
5
Let r be (-1)/4 - 26/(-8). Let y be 1/(r/228*4). Suppose -2*w = -y - 41. List the prime factors of w.
2, 3, 5
Let c = -12 - -14. Suppose 3*p - 10 = c. Suppose 0 = -p*u - 2*b - b + 36, -u + 9 = -b. What are the prime factors of u?
3
Let h be (8/20)/((-2)/(-5)). Suppose -3*b = u - 10, b - h = -0*u + 2*u. Suppose 0 = b*o - 28 - 11. What are the prime factors of o?
13
Let c(d) = 727*d**2 + 2*d - 2. List the prime factors of c(1).
727
Let h(w) = -2*w - 2. Let o be h(-5). Let x(m) = m**2 - 9*m + 34. What are the prime factors of x(o)?
2, 13
Suppose 0 = -2*g - 5*n - 5, 2*g + 2 = -4*n. Suppose 0 